{"id":47,"date":"2018-01-03T17:53:31","date_gmt":"2018-01-03T16:53:31","guid":{"rendered":"http:\/\/localhost\/logo\/wordpress\/?page_id=47"},"modified":"2022-05-23T20:57:10","modified_gmt":"2022-05-23T18:57:10","slug":"kontakt","status":"publish","type":"page","link":"https:\/\/xn--logopdie-stapf-9hb.de\/wordpress\/kontakt\/","title":{"rendered":"Kontakt"},"content":{"rendered":"<p>Sie finden unsere Praxen in Mosbach und Buchen.<\/p>\n<p><strong>Praxis in Mosbach<\/strong><br \/>\nPraxis f\u00fcr Logop\u00e4die Regina Stapf<br \/>\nMartin-Butzer-Str. 5<br \/>\n74821 Mosbach<\/p>\n<p>Tel. 06261 93 99 94<\/p>\n<p><strong>Praxis in Buchen<\/strong><br \/>\nPraxis f\u00fcr Logop\u00e4die Regina Stapf<br \/>\nKellereistr. 15<br \/>\n74722 Buchen<\/p>\n<p>Tel. 06281 565 8100<\/p>\n<p>Sie k\u00f6nnen uns auch gerne eine <a href=\"mailto:info@xn--logopdie-stapf-9hb.de\">Email<\/a> schreiben.<br \/>\n<span style=\"color: #ff0000;\">Wir m\u00f6chten Sie darauf hinweisen, dass Terminabsagen per Fax oder E-Mail nicht m\u00f6glich sind.<\/span><\/p>\n<p><strong>Wegbeschreibung zu unserer Praxis in Mosbach:<\/strong><\/p>\n<p><iframe loading=\"lazy\" src=\"https:\/\/www.google.com\/maps\/d\/embed?mid=1_j6riovQG8Tm0wU_w-vpEUJciQhDjQz_\" width=\"640\" height=\"480\"><\/iframe><\/p>\n<p><em>a) Vom Mosbacher Kreuz kommend:<\/em><br \/>\nFahren Sie vom Mosbacher Kreuz kommend auf der B27 in Richtung Mosbach Zentrum. Nach dem Hauptpostamt und nach dem City-Parkhaus die erste Stra\u00dfe rechts abbiegen und die Martin-Butzer-Stra\u00dfe hochfahren bis zur Renzstra\u00dfe. In die Renzstra\u00dfe links abbiegen. Die Praxis ist das erste Haus auf der rechten Seite.<\/p>\n<p><em>b) Von Buchen kommend:<\/em><br \/>\nFahren Sie von Buchen kommend auf der B 27 in Richtung Mosbach Zentrum. Nach dem Hauptbahnhof Mosbach und nach der Sparkasse links abbiegen. Die Martin-Butzer-Stra\u00dfe hochfahren bis zur Renzstra\u00dfe. In die Renzstra\u00dfe links abbiegen. Die Praxis ist das erste Haus auf der rechten Seite<\/p>\n<p><strong>Wegbeschreibung zu unserer Praxis in Buchen:<\/strong><\/p>\n<p><iframe loading=\"lazy\" src=\"https:\/\/www.google.com\/maps\/d\/embed?mid=1uCCuwn4-_QG7IK21j8qqGF88iSxuLjyf\" width=\"640\" height=\"480\"><\/iframe><\/p>\n<p><strong>Anmerkung:<\/strong><br \/>\nUnsere Praxis wird als reine Bestellpraxis mit einem Terminbuchungssystem betrieben. Das hat f\u00fcr Sie den Vorteil, dass jeder Patient einen verbindlichen und exklusiven Termin f\u00fcr eine Behandlung erh\u00e4lt. Zum vereinbarten Termin kann die Behandlung f\u00fcr Sie p\u00fcnktlich beginnen.<br \/>\nSie als Patient sind verpflichtet, bei Verhinderung, einen Behandlungstermin sp\u00e4testens einen Werktag vor dem Termin telefonisch abzusagen.<br \/>\nWir m\u00f6chten Sie darauf hinweisen, dass Terminabsagen per Fax oder E-Mail nicht m\u00f6glich sind.<br \/>\nErfolgt die Absage nicht fristgerecht, behalten wir uns vor ein Bereitstellungshonorar in Rechnung zu stellen.<\/p>\n","protected":false},"excerpt":{"rendered":"<p>Sie finden unsere Praxen in Mosbach und Buchen. Praxis in Mosbach Praxis f\u00fcr Logop\u00e4die Regina Stapf Martin-Butzer-Str. 5 74821 Mosbach Tel. 06261 93 99 94 Praxis in Buchen Praxis f\u00fcr Logop\u00e4die Regina Stapf Kellereistr. 15 74722 Buchen Tel. 06281 565 8100 Sie k\u00f6nnen uns auch gerne eine Email schreiben. Wir [&hellip;]<\/p>\n","protected":false},"author":1,"featured_media":0,"parent":0,"menu_order":0,"comment_status":"closed","ping_status":"closed","template":"","meta":{"footnotes":""},"class_list":["post-47","page","type-page","status-publish","hentry"],"_links":{"self":[{"href":"https:\/\/xn--logopdie-stapf-9hb.de\/wordpress\/wp-json\/wp\/v2\/pages\/47","targetHints":{"allow":["GET"]}}],"collection":[{"href":"https:\/\/xn--logopdie-stapf-9hb.de\/wordpress\/wp-json\/wp\/v2\/pages"}],"about":[{"href":"https:\/\/xn--logopdie-stapf-9hb.de\/wordpress\/wp-json\/wp\/v2\/types\/page"}],"author":[{"embeddable":true,"href":"https:\/\/xn--logopdie-stapf-9hb.de\/wordpress\/wp-json\/wp\/v2\/users\/1"}],"replies":[{"embeddable":true,"href":"https:\/\/xn--logopdie-stapf-9hb.de\/wordpress\/wp-json\/wp\/v2\/comments?post=47"}],"version-history":[{"count":20,"href":"https:\/\/xn--logopdie-stapf-9hb.de\/wordpress\/wp-json\/wp\/v2\/pages\/47\/revisions"}],"predecessor-version":[{"id":364,"href":"https:\/\/xn--logopdie-stapf-9hb.de\/wordpress\/wp-json\/wp\/v2\/pages\/47\/revisions\/364"}],"wp:attachment":[{"href":"https:\/\/xn--logopdie-stapf-9hb.de\/wordpress\/wp-json\/wp\/v2\/media?parent=47"}],"curies":[{"name":"wp","href":"https:\/\/api.w.org\/{rel}","templated":true}]}}