{"id":41,"date":"2018-01-03T17:52:29","date_gmt":"2018-01-03T16:52:29","guid":{"rendered":"http:\/\/localhost\/logo\/wordpress\/?page_id=41"},"modified":"2025-03-01T11:15:59","modified_gmt":"2025-03-01T10:15:59","slug":"unser-team","status":"publish","type":"page","link":"https:\/\/xn--logopdie-stapf-9hb.de\/wordpress\/unser-team\/","title":{"rendered":"Unser Team"},"content":{"rendered":"<p><img loading=\"lazy\" decoding=\"async\" class=\"size-medium wp-image-321 aligncenter\" src=\"https:\/\/xn--logopdie-stapf-9hb.de\/wordpress\/wp-content\/uploads\/2019\/05\/Team-300x200.jpg\" alt=\"\" width=\"600\" height=\"400\" align=\"aligncenter\" srcset=\"https:\/\/xn--logopdie-stapf-9hb.de\/wordpress\/wp-content\/uploads\/2019\/05\/Team-300x200.jpg 300w, https:\/\/xn--logopdie-stapf-9hb.de\/wordpress\/wp-content\/uploads\/2019\/05\/Team-768x512.jpg 768w, https:\/\/xn--logopdie-stapf-9hb.de\/wordpress\/wp-content\/uploads\/2019\/05\/Team-1024x683.jpg 1024w, https:\/\/xn--logopdie-stapf-9hb.de\/wordpress\/wp-content\/uploads\/2019\/05\/Team-1200x800.jpg 1200w\" sizes=\"auto, (max-width: 600px) 100vw, 600px\" \/><\/p>\n<figure id=\"attachment_172\" aria-describedby=\"caption-attachment-172\" style=\"width: 495px\" class=\"wp-caption aligncenter\"><img loading=\"lazy\" decoding=\"async\" class=\"wp-image-172 \" src=\"https:\/\/logop\u00e4die-stapf.de\/wordpress\/wp-content\/uploads\/2018\/01\/IMG_1855_klein.jpg\" alt=\"Regina Stapf\" width=\"495\" height=\"743\" srcset=\"https:\/\/xn--logopdie-stapf-9hb.de\/wordpress\/wp-content\/uploads\/2018\/01\/IMG_1855_klein.jpg 1267w, https:\/\/xn--logopdie-stapf-9hb.de\/wordpress\/wp-content\/uploads\/2018\/01\/IMG_1855_klein-200x300.jpg 200w, https:\/\/xn--logopdie-stapf-9hb.de\/wordpress\/wp-content\/uploads\/2018\/01\/IMG_1855_klein-768x1152.jpg 768w, https:\/\/xn--logopdie-stapf-9hb.de\/wordpress\/wp-content\/uploads\/2018\/01\/IMG_1855_klein-683x1024.jpg 683w, https:\/\/xn--logopdie-stapf-9hb.de\/wordpress\/wp-content\/uploads\/2018\/01\/IMG_1855_klein-1200x1800.jpg 1200w\" sizes=\"auto, (max-width: 495px) 100vw, 495px\" \/><figcaption id=\"caption-attachment-172\" class=\"wp-caption-text\">Regina Stapf<\/figcaption><\/figure>\n<p>Hier folgen in K\u00fcrze die Bilder aller Mitarbeiter der Praxis f\u00fcr Logop\u00e4die Regina Stapf<\/p>\n<p>Unsere Unterst\u00fctzerin Ella:<\/p>\n<p>\r\n\t\t\t\t\t\n\r\n\t\t\t\t\t<!-- START UNITE GALLERY 1.7.62 -->\r\n\t\t\t\t\t\r\n\t\t\t\t\n\t\t\t<div id='unitegallery_3_1' class='unite-gallery' style='margin:0px auto;'>\n\t\t\t\t\n\n\t\t\t\t\t\t<img alt=\"Ella_1\"\n\t\t\t\t\t\t     src=\"\" data-image=\"https:\/\/xn--logopdie-stapf-9hb.de\/wordpress\/wp-content\/uploads\/2020\/06\/Ella_1.jpg\"\n\t\t\t\t\t\t     data-thumb=\"https:\/\/xn--logopdie-stapf-9hb.de\/wordpress\/wp-content\/uploads\/2020\/06\/Ella_1-300x200.jpg\"\n\t\t\t\t\t\t     title=\"\"\n\t\t\t\t\t\t     style=\"display:none\">\n\n\t\t\t\t\t\t<img alt=\"Ella_2\"\n\t\t\t\t\t\t     src=\"\" data-image=\"https:\/\/xn--logopdie-stapf-9hb.de\/wordpress\/wp-content\/uploads\/2020\/06\/Ella_2.jpg\"\n\t\t\t\t\t\t     data-thumb=\"https:\/\/xn--logopdie-stapf-9hb.de\/wordpress\/wp-content\/uploads\/2020\/06\/Ella_2-300x200.jpg\"\n\t\t\t\t\t\t     title=\"\"\n\t\t\t\t\t\t     style=\"display:none\">\n\t\t\t<\/div>\n\n\t\t\t<script type='text\/javascript'>\n\t\t\t\twindow.onload = function(e) {\n\t\t\t\t\tif(typeof ugCheckForErrors == \"undefined\"){\n\t\t\t\t\t\tdocument.getElementById(\"unitegallery_3_1\").innerHTML = \"<span style='color:red'>Unite Gallery Error - gallery js and css files not included in the footer. Please make sure that wp_footer() function is added to your theme.<\/span>\";}\n\t\t\t\t\telse{ ugCheckForErrors(\"unitegallery_3_1\", \"jquery\");}\n\t\t\t\t};\n\t\t\t<\/script>\n\n\t\t\t<!-- END UNITEGALLERY --><\/p>\n<p>Wir suchen noch Verst\u00e4rkung f\u00fcr unser Team:<\/p>\n\n\n<div class=\"wp-block-buttons is-layout-flex wp-block-buttons-is-layout-flex\">\n<div class=\"wp-block-button is-style-fill\"><a class=\"wp-block-button__link wp-element-button\" href=\"https:\/\/xn--logopdie-stapf-9hb.de\/wordpress\/stellenausschreibung\/\">siehe hier<\/a><\/div>\n<\/div>\n\n\n\n<p><\/p>\n","protected":false},"excerpt":{"rendered":"<p>Hier folgen in K\u00fcrze die Bilder aller Mitarbeiter der Praxis f\u00fcr Logop\u00e4die Regina Stapf Unsere Unterst\u00fctzerin Ella: Wir suchen noch Verst\u00e4rkung f\u00fcr unser Team:<\/p>\n","protected":false},"author":1,"featured_media":0,"parent":0,"menu_order":0,"comment_status":"closed","ping_status":"closed","template":"","meta":{"footnotes":""},"class_list":["post-41","page","type-page","status-publish","hentry"],"_links":{"self":[{"href":"https:\/\/xn--logopdie-stapf-9hb.de\/wordpress\/wp-json\/wp\/v2\/pages\/41","targetHints":{"allow":["GET"]}}],"collection":[{"href":"https:\/\/xn--logopdie-stapf-9hb.de\/wordpress\/wp-json\/wp\/v2\/pages"}],"about":[{"href":"https:\/\/xn--logopdie-stapf-9hb.de\/wordpress\/wp-json\/wp\/v2\/types\/page"}],"author":[{"embeddable":true,"href":"https:\/\/xn--logopdie-stapf-9hb.de\/wordpress\/wp-json\/wp\/v2\/users\/1"}],"replies":[{"embeddable":true,"href":"https:\/\/xn--logopdie-stapf-9hb.de\/wordpress\/wp-json\/wp\/v2\/comments?post=41"}],"version-history":[{"count":12,"href":"https:\/\/xn--logopdie-stapf-9hb.de\/wordpress\/wp-json\/wp\/v2\/pages\/41\/revisions"}],"predecessor-version":[{"id":368,"href":"https:\/\/xn--logopdie-stapf-9hb.de\/wordpress\/wp-json\/wp\/v2\/pages\/41\/revisions\/368"}],"wp:attachment":[{"href":"https:\/\/xn--logopdie-stapf-9hb.de\/wordpress\/wp-json\/wp\/v2\/media?parent=41"}],"curies":[{"name":"wp","href":"https:\/\/api.w.org\/{rel}","templated":true}]}}