{"id":249,"date":"2018-11-17T11:04:23","date_gmt":"2018-11-17T10:04:23","guid":{"rendered":"https:\/\/logop\u00e4die-stapf.de\/wordpress\/?page_id=249"},"modified":"2018-11-17T11:04:23","modified_gmt":"2018-11-17T10:04:23","slug":"impressum","status":"publish","type":"page","link":"https:\/\/xn--logopdie-stapf-9hb.de\/wordpress\/impressum\/","title":{"rendered":"Impressum"},"content":{"rendered":"<h2>Angaben gem\u00e4\u00df \u00a7 5 TMG<\/h2>\n<h5>Regina Stapf<br \/>\nPraxis f\u00fcr Logop\u00e4die Regina Stapf<br \/>\nMartin-Butzer-Stra\u00dfe 5<br \/>\n74821 Mosbach<\/h5>\n<h5>Kontakt<br \/>\nTelefon: +49 (0) 6261 93 99 94<br \/>\nE-Mail: info@logop\u00e4die-stapf.de<\/h5>\n<h2>Nutzungsbedingungen<\/h2>\n<p>Bitte beachten Sie die folgenden Bestimmungen f\u00fcr die Nutzung unserer Angebote und unsere Datenschutzerkl\u00e4rung. Mit der Nutzung der auf unseren Seiten angebotenen Informationen, Dienste und Programme erkl\u00e4rt der Nutzer sein Einverst\u00e4ndnis mit den hier formulierten Nutzungsbedingungen.<\/p>\n<h2>Allgemeine Hinweise<\/h2>\n<p>Die Internetseiten von Logop\u00e4die Stapf unterliegen regelm\u00e4\u00dfigen Ver\u00e4nderungen und Erg\u00e4nzungen, die der Aktualisierung der angebotenen Informationen dienen. Logop\u00e4die Stapf \u00fcbernimmt daher keine Haftung oder Garantie f\u00fcr Aktualit\u00e4t, Richtigkeit, Vollst\u00e4ndigkeit und Verf\u00fcgbarkeit der dargestellten Informationen. Die hier dargestellten Informationen und Daten dienen dem Nutzer ausschlie\u00dflich zu Informationszwecken und zum pers\u00f6nlichen Gebrauch.<br \/>\nLogop\u00e4die Stapf \u00fcbernimmt keine Gew\u00e4hr f\u00fcr direkte oder indirekte Sch\u00e4den, einschlie\u00dflich entgangenen Gewinns, aus der Nutzung des Informationsangebotes dieser Seiten. In jedem Fall haftet Logop\u00e4die Stapf nur bei vors\u00e4tzlichem oder grob fahrl\u00e4ssigem Verhalten, sowie in den F\u00e4llen zwingender gesetzlicher Vorschriften.<br \/>\nDurch das Gesetz \u00fcber den Beruf des Logop\u00e4den (LogopG) sind die Begriffe \u201eLogop\u00e4de\u201c und \u201eLogop\u00e4din\u201c sowie \u201eLogop\u00e4die\u201c gesch\u00fctzt. Denn: Nur wer eine Erlaubnis hat, die Berufsbezeichnung \u201eLogop\u00e4de\u201c oder \u201eLogop\u00e4din\u201c zu f\u00fchren, darf logop\u00e4dische T\u00e4tigkeiten ausf\u00fchren. Nicht jeder darf sich also als Logop\u00e4de\/Logop\u00e4din bezeichnen, sondern nur derjenige, dem eine Erlaubnis zum F\u00fchren der Berufsbezeichnung ausdr\u00fccklich erteilt wurde.<\/p>\n<h2>Haftung f\u00fcr Inhalte<\/h2>\n<p>Als Diensteanbieter sind wir gem\u00e4\u00df \u00a7 7 Abs.1 TMG f\u00fcr eigene Inhalte auf diesen Seiten nach den allgemeinen Gesetzen verantwortlich. Nach \u00a7\u00a7 8 bis 10 TMG sind wir als Diensteanbieter jedoch nicht verpflichtet, \u00fcbermittelte oder gespeicherte fremde Informationen zu \u00fcberwachen oder nach Umst\u00e4nden zu forschen, die auf eine rechtswidrige T\u00e4tigkeit hinweisen.<br \/>\nVerpflichtungen zur Entfernung oder Sperrung der Nutzung von Informationen nach den allgemeinen Gesetzen bleiben hiervon unber\u00fchrt. Eine diesbez\u00fcgliche Haftung ist jedoch erst ab dem Zeitpunkt der Kenntnis einer konkreten Rechtsverletzung m\u00f6glich. Bei Bekanntwerden von entsprechenden Rechtsverletzungen werden wir diese Inhalte umgehend entfernen.<\/p>\n<h2>Haftung f\u00fcr Links<\/h2>\n<p>Unser Angebot enth\u00e4lt Links zu externen Websites Dritter, auf deren Inhalte wir keinen Einfluss haben. Deshalb k\u00f6nnen wir f\u00fcr diese fremden Inhalte auch keine Gew\u00e4hr \u00fcbernehmen. F\u00fcr die Inhalte der verlinkten Seiten ist stets der jeweilige Anbieter oder Betreiber der Seiten verantwortlich. Die verlinkten Seiten wurden zum Zeitpunkt der Verlinkung auf m\u00f6gliche Rechtsverst\u00f6\u00dfe \u00fcberpr\u00fcft. Rechtswidrige Inhalte waren zum Zeitpunkt der Verlinkung nicht erkennbar.<br \/>\nEine permanente inhaltliche Kontrolle der verlinkten Seiten ist jedoch ohne konkrete Anhaltspunkte einer Rechtsverletzung nicht zumutbar. Bei Bekanntwerden von Rechtsverletzungen werden wir derartige Links umgehend entfernen.<\/p>\n<h2>Urheberrecht<\/h2>\n<p>Die durch die Seitenbetreiber erstellten Inhalte und Werke auf diesen Seiten unterliegen dem deutschen Urheberrecht. Die Vervielf\u00e4ltigung, Bearbeitung, Verbreitung und jede Art der Verwertung au\u00dferhalb der Grenzen des Urheberrechtes bed\u00fcrfen der schriftlichen Zustimmung des jeweiligen Autors bzw. Erstellers. Downloads und Kopien dieser Seite sind nur f\u00fcr den privaten, nicht kommerziellen Gebrauch gestattet.<br \/>\nSoweit die Inhalte auf dieser Seite nicht vom Betreiber erstellt wurden, werden die Urheberrechte Dritter beachtet. Insbesondere werden Inhalte Dritter als solche gekennzeichnet. Sollten Sie trotzdem auf eine Urheberrechtsverletzung aufmerksam werden, bitten wir um einen entsprechenden Hinweis. Bei Bekanntwerden von Rechtsverletzungen werden wir derartige Inhalte umgehend entfernen.<\/p>\n<h2>Datenschutz<\/h2>\n<p>Hinweise zum Datenschutz finden Sie in unserer Datenschutzerkl\u00e4rung<\/p>\n<p>Mit Fragen, Hinweisen oder Anregungen zu diesen Nutzungsbedingungen oder<br \/>\nzu dem Internetangebot der Logop\u00e4die Stapf wenden Sie sich bitte per<br \/>\nE-Mail an info@logop\u00e4die-stapf.de<\/p>\n<p>Quellen: F\u00fcr die Erstellung dieser Seite wurde der von eRecht24 bereitgestellte Impressum-Generator genutzt.<br \/>\nStand: Oktober 2018<br \/>\nPraxis f\u00fcr Logop\u00e4die Regina Stapf<\/p>\n","protected":false},"excerpt":{"rendered":"<p>Angaben gem\u00e4\u00df \u00a7 5 TMG Regina Stapf Praxis f\u00fcr Logop\u00e4die Regina Stapf Martin-Butzer-Stra\u00dfe 5 74821 Mosbach Kontakt Telefon: +49 (0) 6261 93 99 94 E-Mail: info@logop\u00e4die-stapf.de Nutzungsbedingungen Bitte beachten Sie die folgenden Bestimmungen f\u00fcr die Nutzung unserer Angebote und unsere Datenschutzerkl\u00e4rung. Mit der Nutzung der auf unseren Seiten angebotenen Informationen, [&hellip;]<\/p>\n","protected":false},"author":1,"featured_media":0,"parent":0,"menu_order":0,"comment_status":"closed","ping_status":"closed","template":"","meta":{"footnotes":""},"class_list":["post-249","page","type-page","status-publish","hentry"],"_links":{"self":[{"href":"https:\/\/xn--logopdie-stapf-9hb.de\/wordpress\/wp-json\/wp\/v2\/pages\/249","targetHints":{"allow":["GET"]}}],"collection":[{"href":"https:\/\/xn--logopdie-stapf-9hb.de\/wordpress\/wp-json\/wp\/v2\/pages"}],"about":[{"href":"https:\/\/xn--logopdie-stapf-9hb.de\/wordpress\/wp-json\/wp\/v2\/types\/page"}],"author":[{"embeddable":true,"href":"https:\/\/xn--logopdie-stapf-9hb.de\/wordpress\/wp-json\/wp\/v2\/users\/1"}],"replies":[{"embeddable":true,"href":"https:\/\/xn--logopdie-stapf-9hb.de\/wordpress\/wp-json\/wp\/v2\/comments?post=249"}],"version-history":[{"count":2,"href":"https:\/\/xn--logopdie-stapf-9hb.de\/wordpress\/wp-json\/wp\/v2\/pages\/249\/revisions"}],"predecessor-version":[{"id":261,"href":"https:\/\/xn--logopdie-stapf-9hb.de\/wordpress\/wp-json\/wp\/v2\/pages\/249\/revisions\/261"}],"wp:attachment":[{"href":"https:\/\/xn--logopdie-stapf-9hb.de\/wordpress\/wp-json\/wp\/v2\/media?parent=249"}],"curies":[{"name":"wp","href":"https:\/\/api.w.org\/{rel}","templated":true}]}}